2?
False
Is 29 a factor of 180177?
True
Is 2652 a multiple of 2?
True
Does 15 divide 390900?
True
Is 902427 a multiple of 246?
False
Does 16 divide 4315188?
False
Is 18522779 a multiple of 21?
False
Is 26884 a multiple of 26?
True
Is 431430 a multiple of 1095?
True
Is 11 a factor of 6927707?
False
Is 89 a factor of 198494?
False
Does 240 divide 3039360?
True
Is 9 a factor of 112751?
False
Does 676 divide 1084980?
True
Is 13 a factor of 73394?
False
Does 124 divide 324508?
True
Is 932 a factor of 3508980?
True
Does 190 divide 22749840?
True
Does 29 divide 1121372?
True
Is 20795 a multiple of 11?
False
Is 236 a factor of 9891334?
False
Is 18 a factor of 4446688?
False
Is 172 a factor of 2622580?
False
Does 517 divide 605924?
True
Is 19813 a multiple of 45?
False
Is 158 a factor of 312377?
False
Is 11 a factor of 292138?
True
Does 2475 divide 10971675?
True
Is 1012399 a multiple of 112?
False
Is 82062 a multiple of 70?
False
Is 12761 a multiple of 4?
False
Is 4754067 a multiple of 31?
True
Does 75 divide 269151?
False
Is 712610 a multiple of 91?
False
Does 178 divide 4281463?
False
Is 166 a factor of 8566596?
True
Is 224 a factor of 353024?
True
Is 2553831 a multiple of 16?
False
Does 267 divide 1159402?
False
Is 62400 a multiple of 65?
True
Is 64 a factor of 176384?
True
Is 5410776 a multiple of 43?
True
Is 4 a factor of 152367?
False
Does 341 divide 960946?
False
Does 4 divide 6385?
False
Is 167552 a multiple of 14?
True
Is 47 a factor of 59972?
True
Does 125 divide 1570455?
False
Is 1738360 a multiple of 608?
False
Is 559 a factor of 94471?
True
Is 574 a factor of 169330?
True
Is 13 a factor of 1343517?
False
Is 119 a factor of 538832?
True
Is 602299 a multiple of 178?
False
Does 110 divide 532328?
False
Is 71118 a multiple of 162?
True
Is 448 a factor of 1103130?
False
Is 6249495 a multiple of 1123?
True
Is 45 a factor of 236790?
True
Does 443 divide 263585?
True
Is 1777323 a multiple of 16?
False
Is 10 a factor of 255890?
True
Is 1420 a factor of 8600466?
False
Is 7 a factor of 25445?
True
Is 9 a factor of 711540?
True
Does 89 divide 2404956?
False
Is 254560 a multiple of 95?
False
Is 252550 a multiple of 190?
False
Is 809 a factor of 11493463?
True
Does 116 divide 81548?
True
Is 24 a factor of 160224?
True
Is 824674 a multiple of 113?
True
Does 9 divide 67021?
False
Is 34 a factor of 10428?
False
Does 628 divide 15157408?
True
Is 4947347 a multiple of 8?
False
Does 812 divide 3109148?
True
Is 22 a factor of 156507?
False
Is 470561 a multiple of 145?
False
Is 218456 a multiple of 61?
False
Does 24 divide 5746032?
True
Is 37715 a multiple of 7?
False
Is 2 a factor of 1483755?
False
Is 23 a factor of 1155957?
True
Is 43 a factor of 4717743?
False
Is 67902 a multiple of 626?
False
Is 988 a factor of 618488?
True
Is 7418804 a multiple of 251?
False
Is 2700558 a multiple of 21?
True
Is 9 a factor of 1989946?
False
Is 31 a factor of 132179?
False
Does 8 divide 1577773?
False
Is 24 a factor of 223776?
True
Is 25 a factor of 1000550?
True
Is 18 a factor of 300652?
False
Is 36 a factor of 267480?
True
Is 200859 a multiple of 71?
True
Is 2550126 a multiple of 2?
True
Does 378 divide 222264?
True
Is 2110176 a multiple of 272?
True
Is 118 a factor of 311638?
True
Is 18 a factor of 1842598?
False
Does 157 divide 11412801?
True
Does 89 divide 37164?
False
Does 897 divide 2051439?
True
Is 13 a factor of 21433?
False
Is 36 a factor of 288858?
False
Does 22 divide 326106?
True
Is 8960771 a multiple of 42?
False
Is 259378 a multiple of 12?
False
Is 25 a factor of 10142300?
True
Is 20 a factor of 670100?
True
Is 295650 a multiple of 50?
True
Is 2 a factor of 46822?
True
Is 516 a factor of 2064516?
True
Is 7989676 a multiple of 52?
False
Is 137 a factor of 1709108?
False
Does 23 divide 1308030?
False
Is 3085068 a multiple of 532?
True
Does 39 divide 838331?
False
Is 186024 a multiple of 4?
True
Is 4421484 a multiple of 21?
False
Does 6 divide 107652?
True
Is 569 a factor of 417077?
True
Is 6 a factor of 157220?
False
Does 266 divide 563281?
False
Is 1680 a factor of 25186560?
True
Does 178 divide 743506?
True
Does 47 divide 68479?
True
Does 158 divide 440662?
True
Is 446 a factor of 524896?
False
Does 6 divide 9968?
False
Is 96 a factor of 1144704?
True
Is 335302 a multiple of 8?
False
Does 16 divide 484950?
False
Is 9 a factor of 4951023?
False
Is 347869 a multiple of 62?
False
Is 12 a factor of 3017284?
False
Does 75 divide 8400?
True
Is 214238 a multiple of 20?
False
Is 78117 a multiple of 33?
False
Does 476 divide 289884?
True
Is 109 a factor of 206555?
True
Is 15707 a multiple of 36?
False
Is 379327 a multiple of 240?
False
Does 24 divide 37386695?
False
Is 598544 a multiple of 32?
False
Is 551838 a multiple of 98?
True
Is 51485 a multiple of 103?
False
Is 89936 a multiple of 22?
True
Does 8 divide 74687?
False
Does 27 divide 1252894?
False
Is 9315140 a multiple of 218?
True
Is 1079234 a multiple of 363?
False
Does 6 divide 35884?
False
Does 12 divide 58379?
False
Is 79474 a multiple of 13?
False
Is 195 a factor of 21463070?
False
Is 585 a factor of 22539535?
False
Does 13 divide 57915?
True
Is 744 a factor of 12679395?
False
Is 1281641 a multiple of 115?
False
Is 433608 a multiple of 28?
True
Does 81 divide 6011253?
True
Is 20 a factor of 73384?
False
Does 111 divide 2314395?
False
Does 22 divide 5625380?
False
Is 9 a factor of 1593709?
False
Is 32 a factor of 17760?
True
Does 13 divide 41038?
False
Is 1018160 a multiple of 220?
True
Does 418 divide 81510?
True
Is 637 a factor of 742105?
True
Does 141 divide 1290073?
False
Does 15 divide 33058?
False
Does 4 divide 941380?
True
Is 706 a factor of 6284977?
False
Is 98742 a multiple of 21?
True
Does 83 divide 37878?
False
Does 25 divide 65775?
True
Is 12 a factor of 1226180?
False
Does 16 divide 2438866?
False
Is 209 a factor of 4928847?
True
Does 431 divide 2970452?
True
Is 90 a factor of 4951842?
False
Is 327 a factor of 6132338?
False
Is 146 a factor of 226884?
True
Is 345327 a multiple of 52?
False
Is 19 a factor of 80089?
False
Is 137 a factor of 3199571?
False
Does 6 divide 7482?
True
Is 572949 a multiple of 29?
False
Is 325376 a multiple of 31?
True
Is 1126 a factor of 131503?
False
Is 1983 a factor of 500387?
False
Is 4396206 a multiple of 438?
True
Does 9 divide 4060607?
False
Is 66 a factor of 63162?
True
Does 22 divide 10339648?
True
Is 75920 a multiple of 292?
True
Does 83 divide 547634?
True
Is 153 a factor of 219951?
False
Is 22 a factor of 119773?
False
Does 6 divide 587464?
False
Is 91 a factor of 405022?
False
Does 199 divide 48042?
False
Is 1221636 a multiple of 12?
True
Is 813216 a multiple of 86?
True
Is 8 a factor of 2004872?
True
Does 6 divide 380796?
True
Is 272479 a multiple of 14?
False
Is 70373 a multiple of 26?
False
Does 2 divide 9792?
True
Does 130 divide 255710?
True
Does 7 divide 248926?
False
Is 69786 a multiple of 211?
False
Is 655930 a multiple of 335?
True
Is 401800 a multiple of 205?
True
Is 156076 a multiple of 11?
False
Is 45372 a multiple of 19?
True
Is 39363 a multiple of 26?
False
Is 949248 a multiple of 412?
True
Is 6147878 a multiple of 1243?
True
Does 25 divide 36049?
False
Does 6 divide 3905977?
False
Is 134 a factor of 125960?
True
Is 257139 a multiple of 13?
False
Is 221 a factor of 2336377?
False
Does 594 divide 800118?
True
Does 90 divide 302580?
True
Is 15 a factor of 2152699?
False
Is 708 a factor of 2994132?
True
Does 835 divide 9444321?
False
Does 27 divide 247455?
True
Is 1129193 a multiple of 6?
False
Is 756081 a multiple of 543?
False
Does 74 divide 229326?
True
Is 5680395 a multiple of 189?
True
Is 32080721 a multiple of 19?
True
Does 345 divide 8400424?
False
Is 327486 a multiple of 61?
False
Does 398 divide 259786?
False
Is 403 a factor of 185791?
False
Is 32213816 a multiple of 19?
True
Does 86 divide 35088?
True
Does 13 divide 255526?
False
Does 17 divide 3729451?
False
Does 5 divide 44048?
False
Does 46 divide 62617?
False
Is 10 a factor of 173753?
False
Is 5043359 a multiple of 37?
True
Does 67 divide 484031?
False
Does 2 divide 154143?
False
Does 108 divide 92232?
True
Does 57 divide 33239?
False
Is 8368110 a multiple of 18?
True
Is 65 a factor of 2872?
False
Is 125 a factor of 73625?
True
Is 19 a factor of 21033?
True
Does 69 divide 422066